y 133.
103
What is the remainder when 2622 is divided by 3?
0
What is the remainder when 303 is divided by 104?
95
Calculate the remainder when 224 is divided by 77.
70
What is the remainder when 47 is divided by 12?
11
Calculate the remainder when 2676 is divided by 190.
16
What is the remainder when 388 is divided by 165?
58
Calculate the remainder when 174 is divided by 18.
12
Calculate the remainder when 368 is divided by 179.
10
What is the remainder when 389 is divided by 56?
53
What is the remainder when 1638 is divided by 82?
80
What is the remainder when 36 is divided by 13?
10
What is the remainder when 1665 is divided by 6?
3
Calculate the remainder when 574 is divided by 34.
30
Calculate the remainder when 1054 is divided by 9.
1
What is the remainder when 475 is divided by 30?
25
What is the remainder when 116 is divided by 17?
14
What is the remainder when 281 is divided by 41?
35
What is the remainder when 173 is divided by 20?
13
What is the remainder when 358 is divided by 24?
22
What is the remainder when 343 is divided by 15?
13
What is the remainder when 55 is divided by 15?
10
What is the remainder when 653 is divided by 66?
59
Calculate the remainder when 3854 is divided by 17.
12
Calculate the remainder when 110 is divided by 61.
49
What is the remainder when 180 is divided by 58?
6
Calculate the remainder when 53 is divided by 8.
5
Calculate the remainder when 101 is divided by 34.
33
Calculate the remainder when 309 is divided by 41.
22
What is the remainder when 14 is divided by 12?
2
Calculate the remainder when 195 is divided by 63.
6
What is the remainder when 194 is divided by 20?
14
Calculate the remainder when 1658 is divided by 211.
181
What is the remainder when 621 is divided by 527?
94
Calculate the remainder when 231 is divided by 40.
31
What is the remainder when 859 is divided by 201?
55
What is the remainder when 914 is divided by 130?
4
What is the remainder when 93 is divided by 16?
13
What is the remainder when 301 is divided by 16?
13
Calculate the remainder when 83 is divided by 6.
5
What is the remainder when 318 is divided by 141?
36
Calculate the remainder when 119 is divided by 43.
33
Calculate the remainder when 465 is divided by 23.
5
Calculate the remainder when 3771 is divided by 92.
91
Calculate the remainder when 2176 is divided by 1083.
10
Calculate the remainder when 1503 is divided by 32.
31
Calculate the remainder when 3033 is divided by 92.
89
Calculate the remainder when 140 is divided by 18.
14
What is the remainder when 1855 is divided by 614?
13
What is the remainder when 3938 is divided by 27?
23
Calculate the remainder when 349 is divided by 16.
13
What is the remainder when 423 is divided by 112?
87
What is the remainder when 75 is divided by 28?
19
Calculate the remainder when 373 is divided by 55.
43
Calculate the remainder when 6029 is divided by 201.
200
What is the remainder when 488 is divided by 5?
3
Calculate the remainder when 533 is divided by 190.
153
Calculate the remainder when 251 is divided by 98.
55
What is the remainder when 2301 is divided by 165?
156
Calculate the remainder when 82 is divided by 21.
19
What is the remainder when 591 is divided by 13?
6
What is the remainder when 363 is divided by 26?
25
Calculate the remainder when 3110 is divided by 17.
16
Calculate the remainder when 430 is divided by 72.
70
What is the remainder when 912 is divided by 40?
32
Calculate the remainder when 5399 is divided by 53.
46
What is the remainder when 1085 is divided by 278?
251
What is the remainder when 118 is divided by 21?
13
What is the remainder when 302 is divided by 34?
30
Calculate the remainder when 269 is divided by 48.
29
Calculate the remainder when 2049 is divided by 82.
81
What is the remainder when 137 is divided by 53?
31
What is the remainder when 37 is divided by 7?
2
Calculate the remainder when 109 is divided by 10.
9
Calculate the remainder when 236 is divided by 72.
20
What is the remainder when 653 is divided by 264?
125
Calculate the remainder when 1672 is divided by 153.
142
What is the remainder when 215 is divided by 109?
106
Calculate the remainder when 113 is divided by 3.
2
Calculate the remainder when 181 is divided by 17.
11
Calculate the remainder when 145 is divided by 38.
31
Calculate the remainder when 831 is divided by 189.
75
What is the remainder when 866 is divided by 66?
8
What is the remainder when 349 is divided by 29?
1
What is the remainder when 837 is divided by 30?
27
What is the remainder when 494 is divided by 62?
60
What is the remainder when 1320 is divided by 128?
40
Calculate the remainder when 59 is divided by 43.
16
Calculate the remainder when 689 is divided by 130.
39
Calculate the remainder when 132 is divided by 68.
64
Calculate the remainder when 167 is divided by 30.
17
Calculate the remainder when 12625 is divided by 41.
38
What is the remainder when 15248 is divided by 13?
12
What is the remainder when 449 is divided by 91?
85
Calculate the remainder when 855 is divided by 22.
19
Calculate the remainder when 60 is divided by 27.
6
What is the remainder when 846 is divided by 40?
6
Calculate the remainder when 482 is divided by 39.
14
What is the remainder when 530 is divided by 41?
38
What is the remainder when 205 is divided by 67?
4
Calculate the remainder when 77 is divided by 21.
14
What is the remainder when 2805 is divided by 52?
49
What is the remainder when 1489 is divided by 247?
7
Calculate the remainder when 59464 is divided by 17.
15
Calculate the remainder when 32829 is divided by 76.
73
What is the remainder when 225 is divided by 38?
35
Calculate the remainder when 1414 is divided by 24.
22
What is the remainder when 152 is divided by 22?
20
What is the remainder when 2096 is divided by 164?
128
What is the remainder when 3814 is divided by 26?
18
Calculate the remainder when 32 is divided by 14.
4
Calculate the remainder when 39 is divided by 17.
5
Calculate the remainder when 338 is divided by 171.
167
What is the remainder when 338 is divided by 105?
23
Calculate the remainder when 544 is divided by 41.
11
What is the remainder when 298 is divided by 25?
23
Calculate the remainder when 338 is divided by 11.
8
What is the remainder when 43 is divided by 3?
1
Calculate the remainder when 636 is divided by 71.
68
What is the remainder when 2692 is divided by 100?
92
Calculate the remainder when 100 is divided by 49.
2
Calculate the remainder when 2234 is divided by 13.
11
What is the remainder when 231 is divided by 47?
43
Calculate the remainder when 348 is divided by 107.
27
Calculate the remainder when 1828 is divided by 10.
8
What is the remainder when 1549 is divided by 256?
13
What is the remainder when 555 is divided by 59?
24
Calculate the remainder when 861 is divided by 54.
51
Calculate the remainder when 920 is divided by 154.
150
Calculate the remainder when 217 is divided by 16.
9
What is the remainder when 131 is divided by 28?
19
Calculate the remainder when 656 is divided by 55.
51
Calculate the remainder when 389 is divided by 18.
11
What is the remainder when 38 is divided by 3?
2
Calculate the remainder when 594 is divided by 46.
42
Calculate the remainder when 285 is divided by 134.
17
Calculate the remainder when 550 is divided by 174.
28
Calculate the remainder when 111 is divided by 13.
7
What is the remainder when 538 is divided by 16?
10
Calculate the remainder when 36 is divided by 5.
1
What is the remainder when 129 is divided by 23?
14
What is the remainder when 121 is divided by 49?
23
What is the remainder when 238 is divided by 125?
113
What is the remainder when 2119 is divided by 17?
11
What is the remainder when 316 is divided by 265?
51
What is the remainder when 1578 is divided by 121?
5
Calculate the remainder when 2275 is divided by 15.
10
Calculate the remainder when 47 is divided by 20.
7
What is the remainder when 665 is divided by 216?
17
Calculate the remainder when 2596 is divided by 113.
110
Calculate the remainder when 4184 is divided by 135.
134
What is the remainder when 13259 is divided by 149?
147
What is the remainder when 1092 is divided by 35?
7
What is the remainder when 463 is divided by 151?
10
Calculate the remainder when 152 is d